(d) = -407*d + 223829. Determine z(550).
-21
Let o(u) = 1185*u**2 + 8718*u + 2963. What is o(-7)?
2
Let c(d) = 29*d**2 + 398*d - 36520. Determine c(-43).
-13
Let o(t) = 219*t**3 - 8*t**2 - 43*t + 83. What is o(2)?
1717
Let x(n) = -1138*n**2 + 3417*n + 6. Calculate x(3).
15
Let g(y) = -31*y**2 - 308*y - 19. Determine g(-10).
-39
Let y(c) = -4*c**3 - 292*c**2 + 63*c + 4599. Determine y(-73).
0
Let h(j) = -76404*j - 2750519. Determine h(-36).
25
Let h(g) = 2*g**2 - 907*g + 38871. Calculate h(48).
-57
Let q(i) = -10471*i + 198975. What is q(19)?
26
Let q(c) = 105*c**2 - 35*c - 186. Calculate q(5).
2264
Let g(m) = 701*m**2 + 1705*m + 3414. Determine g(-2).
2808
Let j(z) = 46*z**3 - 11*z**2 - 3*z + 7. Calculate j(-1).
-47
Let c(n) = -433613*n + 8672253. Calculate c(20).
-7
Let c(l) = -9730*l + 418390. What is c(43)?
0
Let p(x) = 1649*x + 108824. Calculate p(-66).
-10
Let t(o) = -4257*o**2 + 25107*o + 2605. Calculate t(6).
-5
Let h(o) = 3*o**2 - 4471*o - 58625. Calculate h(-13).
5
Let q(y) = 2001*y - 554315. Give q(277).
-38
Let k(r) = -2*r**3 + 32*r**2 - 114*r - 128. Calculate k(10).
-68
Let t(y) = -4*y**3 + 80*y**2 + 1792*y - 35832. Give t(20).
8
Let h(j) = -938*j + 9167. Determine h(10).
-213
Let m(d) = 101*d**2 + 1032*d + 231. Calculate m(-10).
11
Let x(k) = -3*k**2 - 3013*k - 93355. Determine x(-32).
-11
Let j(i) = -381*i + 61434. What is j(154)?
2760
Let t(g) = -24*g**2 - 390*g - 2550. Determine t(-6).
-1074
Let w(f) = -f**2 - 42698*f - 256179. What is w(-6)?
-27
Let y(b) = 5*b**3 + 98*b**2 + 462*b + 10026. What is y(-20)?
-14
Let f(b) = -b**2 - 18965*b + 5779492. What is f(300)?
-8
Let b(w) = -2694*w + 191278. Determine b(71).
4
Let q(v) = v**3 + 46*v**2 - 41639*v - 2033115. Give q(-49).
-7
Let f(y) = 8341*y - 74819. Give f(9).
250
Let w(m) = 172*m**2 + 144483*m + 2545. Calculate w(-840).
25
Let w(p) = 2*p**2 - 77*p + 1174. Calculate w(11).
569
Let n(x) = 9548*x + 3255865. Determine n(-341).
-3
Let i(r) = -2*r**2 - 12289*r + 333245. Determine i(27).
-16
Let v(y) = 127*y**2 + 121142*y - 15251. Calculate v(-954).
13
Let w(f) = 68*f**2 - 136*f - 77. What is w(-5)?
2303
Let u(a) = 2*a**3 - 174*a**2 + 260*a - 7569. Calculate u(86).
-1
Let i(f) = 2*f**3 + 53*f**2 - 18*f + 77. Determine i(-27).
-166
Let m(h) = 1189*h - 9207. Give m(8).
305
Let l(o) = 3222*o - 286756. Calculate l(89).
2
Let g(n) = -140*n**2 - 597*n - 599. What is g(-2)?
35
Let r(t) = -328340*t - 8208520. What is r(-25)?
-20
Let c(m) = -63*m - 396. Give c(0).
-396
Let j(p) = -p**2 - 34733*p + 1182082. Calculate j(34).
4
Let n(q) = q**3 - 56*q**2 - 404*q + 16403. Give n(58).
-301
Let j(q) = -512*q + 7177. What is j(14)?
9
Let w(h) = -109*h - 7197. Calculate w(-67).
106
Let h(m) = m**2 + 22*m - 1256. Give h(-63).
1327
Let n(k) = -2*k**3 + 5*k**2 - 15*k + 45. Determine n(6).
-297
Let b(s) = -s**2 - 139524*s + 697641. Calculate b(5).
-4
Let s(l) = -3*l**3 - 4*l**2 + 112779*l + 225567. What is s(-2)?
17
Let i(l) = -6*l**2 - 1213*l + 6002. Calculate i(-207).
-1
Let l(c) = -244*c**2 + 3712*c + 3069. Give l(16).
-3
Let x(q) = q**3 + 205*q**2 + 994*q + 119367. What is x(-203)?
3
Let n(s) = 12932*s + 568964. What is n(-44)?
-44
Let h(j) = 1442*j - 157167. Give h(109).
11
Let v(x) = 99*x**2 + 180*x - 354. Calculate v(2).
402
Let r(y) = -2*y**3 + 317*y**2 + 479*y - 348. Calculate r(160).
-508
Let y(q) = -99*q - 3255. Determine y(-34).
111
Let y(t) = -t**3 - 23*t**2 + 78*t + 255. Calculate y(5).
-55
Let h(q) = -110*q**3 + 1430*q**2 - 10*q + 11. Calculate h(13).
-119
Let j(p) = 741*p - 161714. Determine j(220).
1306
Let n(h) = -317*h + 33597. Determine n(106).
-5
Let p(z) = 25*z**3 + 73*z**2 - 30*z - 73. Give p(-3).
-1
Let h(v) = 3*v**3 - 28*v**2 - 7051*v + 63533. Determine h(9).
-7
Let a(y) = 7*y**2 + 764*y + 12687. Give a(-90).
627
Let b(n) = 383*n - 57806. Give b(148).
-1122
Let r(n) = 2*n**2 - 12*n - 576. Calculate r(-15).
54
Let h(x) = -16288*x + 97746. Determine h(6).
18
Let s(i) = -3*i**2 - 297*i + 1495. Give s(-103).
259
Let u(p) = 7*p**2 + 907*p + 1543. Determine u(-128).
135
Let r(d) = -d**2 + 5933*d - 206431. Determine r(35).
-1
Let u(h) = 20449*h + 40944. Determine u(-2).
46
Let q(a) = -144*a + 12323. What is q(86)?
-61
Let z(u) = u**2 + 932*u + 210660. Give z(-386).
-96
Let f(s) = 1061*s + 3363. Give f(-4).
-881
Let k(z) = -3*z**2 + 414*z - 1901. Give k(133).
94
Let v(a) = -3*a**2 - 358*a - 6927. Calculate v(-94).
217
Let i(w) = 3*w**2 + 3384*w + 146214. Give i(-45).
9
Let m(s) = -6*s**2 + 621*s + 440151. Determine m(-224).
-9
Let g(j) = -271895*j - 1359473. Determine g(-5).
2
Let v(m) = -4*m**2 + 2793*m + 81374. Determine v(-28).
34
Let g(d) = 29666*d + 148366. Determine g(-5).
36
Let c(p) = p**2 - 265734*p - 7441326. Calculate c(-28).
10
Let d(t) = -t**3 - 343*t**2 - 1669*t + 7087. Calculate d(-338).
-11
Let s(j) = -4*j**2 + 185*j + 5404. Determine s(-20).
104
Let h(z) = -72*z + 28912. Calculate h(402).
-32
Let v(d) = -4159*d - 648791. Give v(-156).
13
Let m(p) = 24580*p + 196656. Determine m(-8).
16
Let y(j) = 4*j**2 + 343*j + 13. Calculate y(-91).
1924
Let n(c) = 17*c**3 + 1191*c**2 + 60*c + 109. Calculate n(-70).
809
Let k(m) = 4*m**3 + 32*m**2 + 165*m + 1016. Give k(-6).
314
Let o(c) = -c**3 + 42*c**2 - 56*c + 414. Calculate o(41).
-201
Let a(q) = 231*q - 12499. Calculate a(31).
-5338
Let q(k) = 93970*k + 75457913. What is q(-803)?
3
Let l(u) = -4*u**2 - 8*u + 1391. What is l(19)?
-205
Let d(n) = 9267*n - 185352. Determine d(20).
-12
Let p(d) = -507*d**2 + 36*d + 77. Calculate p(-2).
-2023
Let m(n) = 466*n + 2867. What is m(-6)?
71
Let t(z) = -3245*z + 71444. What is t(22)?
54
Let t(b) = -5*b**3 - 772*b**2 + 3659*b + 314. Give t(-159).
-4
Let s(i) = -72449*i - 434618. Calculate s(-6).
76
Let w(g) = 1308*g - 15721. Give w(12).
-25
Let r(i) = 32188*i - 193227. What is r(6)?
-99
Let l(y) = -2*y**3 - 3075*y**2 - 106665*y - 34544. What is l(-1502)?
2
Let a(j) = 2*j**2 + 240*j - 4637. Give a(17).
21
Let a(l) = 10*l**2 - 230*l + 577. Give a(3).
-23
Let l(b) = 1037*b**2 - 41492*b + 470. Determine l(40).
-10
Let n(b) = -b**2 + 516*b + 7739. Determine n(-15).
-226
Let h(o) = 821*o + 20803. Give h(-24).
1099
Let q(g) = -345*g - 9629. What is q(-28)?
31
Let y(b) = 918*b - 671. Give y(-1).
-1589
Let y(a) = -135*a + 2176. Determine y(19).
-389
Let c(n) = -13*n**2 + 2348*n - 35410. Calculate c(164).
14
Let p(c) = -44020*c - 440158. What is p(-10)?
42
Let l(u) = -2*u**3 + 40*u**2 + 908*u - 603. Give l(-14).
13
Let c(n) = 64*n**2 + 2279*n - 248487. Determine c(47).
2
Let g(u) = u**2 - 9*u - 5389. Determine g(74).
-579
Let l(d) = -2736*d - 3647. Determine l(0).
-3647
Let j(l) = -151853*l - 2733359. Give j(-18).
-5
Let q(l) = -2*l**2 + 397*l + 16132. Determine q(-34).
322
Let v(t) = 3*t**3 + 55*t**2 + 459*t + 9426. Give v(-19).
-17
Let b(l) = 1072*l + 22554. Give b(-21).
42
Let h(o) = 13*o**2 + 838*o + 138. Determine h(-63).
-1059
Let a(l) = 7978*l - 4116639. Determine a(516).
9
Let p(b) = -4*b**2 - 1183*b - 32826. Calculate p(-31).
3
Let s(t) = -630*t**2 - 3140*t - 1. What is s(-5)?
-51
Let w(o) = 20*o**3 - 4*o**2 - 3*o - 35. Calculate w(-4).
-1367
Let c(l) = 55*l**3 + 5445*l**2 + 2*l + 24. Give c(-99).
-174
Let z(u) = 2169*u - 344859. Determine z(159).
12
Let a(g) = 2286*g - 6075. Give a(3).
783
Let v(u) = 1095*u - 682202. What is v(623)?
-17
Let n(r) = 12*r**3 - 164*r**2 + 3*r - 269. What is n(14)?
557
Let k(s) = -248*s**2 + 1815*s - 1955. What is k(6)?
7
Let x(d) = 147*d**2 + 40*d - 101. Give x(-1).
6
Let z(j) = 54661*j + 109356. Determine z(-2).
34
Let b(j) = -466*j**2 + 56383*j + 279. Calculate b(121).
-84
Let r(k) = 6957*k + 3047264. Calculate r(-438).
98
Let s(b) = 8*b**2 + 83*b + 22. What is s(-8)?
-130
Let y(n) = 134*n + 15796. Calculate y(-94).
3200
Let g(n) = n**3 - 2225*n**2 - 2408531*n - 9071. Give g(3022).
-5
Let o(f) = -11423*f + 159947. Determine o(14).
25
Let v(q) = q**3 + 127*q**2 - 265*q - 33750. Calculate v(-127).
-95
Let l(s) = -641*s - 41813. Calculate l(-66).
493
Let q(g) = g**3 + 55*g**2 - 322*g - 11613. Give q(-57).
243
Let n(o) = -4*o**2 + 421*o + 14210. Determine n(132).
86
Let f(o) = o**3 + 5*o**2 - 130*o + 540. What is f(5)?
140
Let p(g) = -19*g**2 + 308*g - 934. Determine p(3).
-181
Let r(j) = j**3 + 156*j**2 + 4263*j + 3426. Calculate r(-121).
38
Let j(o) = -o**3